{"id":1071,"date":"2018-09-11T14:04:42","date_gmt":"2018-09-11T12:04:42","guid":{"rendered":"https:\/\/etf.fr\/?post_type=agence&#038;p=1071"},"modified":"2026-02-18T16:13:24","modified_gmt":"2026-02-18T15:13:24","slug":"agence-activite-regionale-est","status":"publish","type":"agence","link":"https:\/\/www.etf.fr\/en\/agence\/agence-activite-regionale-est\/","title":{"rendered":"Agence Grand Est"},"content":{"rendered":"\n<p>Nous op\u00e9rons sur la r\u00e9gion Grand EST au d\u00e9part de nos sites de Metz et Strasbourg sur tous les types de r\u00e9seaux et d&#8217;infrastructures : Nationaux, urbains, industriels et portuaires.<\/p>\n\n\n\n<p>Nos atouts : nos \u00e9quipes, notre proximit\u00e9, notre r\u00e9activit\u00e9 et notre agilit\u00e9.<\/p>\n\n\n\n<p>Jours et nuits, nous vous accompagnons pour optimiser le cycle de vie de vos infrastructures.<\/p>\n\n\n\n<p>Nous innovons pour assurer la s\u00e9curit\u00e9 de nos collaborateurs tout en garantissant la continuit\u00e9 de service de vos activit\u00e9s.<\/p>\n\n\n\n<p>Ensemble, contribuons au dynamisme \u00e9conomique et au d\u00e9veloppement du lien social dans notre r\u00e9gion.<\/p>\n\n\n<h3><strong>L&#8217;agence Est en vid\u00e9o :<\/strong><\/h3>\n<p><strong><\/strong><\/p>\n<p><strong><a href=\"https:\/\/www.youtube.com\/watch?v=Ns1rVFgjvkQ\" target=\"_blank\" rel=\"noopener noreferrer\"><img loading=\"lazy\" decoding=\"async\" src=\"https:\/\/www.etf.fr\/wp-content\/uploads\/2018\/09\/3-275x150.png\" alt=\"\" width=\"275\" height=\"150\" class=\"wp-image-10260 size-thumbnail alignnone\" \/> \u00a0 \u00a0<\/a><a href=\"https:\/\/www.youtube.com\/watch?v=R2TEExTbH0Y&amp;t=8s\" rel=\"noopener noreferrer\" target=\"_blank\"><img loading=\"lazy\" decoding=\"async\" src=\"https:\/\/www.etf.fr\/wp-content\/uploads\/2018\/09\/1-Tramway-de-strasbourg-1-275x150.png\" alt=\"\" width=\"275\" height=\"150\" class=\"alignnone wp-image-6510524 size-thumbnail\" \/><\/a><\/strong><\/p>","protected":false},"featured_media":0,"template":"","class_list":["post-1071","agence","type-agence","status-publish","hentry","metier-tag-transports-urbain-construction","metier-tag-transport-urbain-maintenance","metier-tag-voies-rfn-construction","metier-tag-soudures-electriques-et-aluminothermiques","metier-tag-rechargement-de-rail","metier-tag-meulage-de-rail","metier-tag-voies-rfn-maintenance","metier-tag-reseaux-ferres-prives","bureau-tag-tramway-strasbourg","bureau-tag-rfn-et-tramway","bureau-tag-ite-grand-est"],"acf":[],"yoast_head":"<!-- This site is optimized with the Yoast SEO plugin v27.5 - https:\/\/yoast.com\/product\/yoast-seo-wordpress\/ -->\n<title>Agence Grand Est - ETF<\/title>\n<meta name=\"robots\" content=\"index, follow, max-snippet:-1, max-image-preview:large, max-video-preview:-1\" \/>\n<link rel=\"canonical\" href=\"https:\/\/www.etf.fr\/agence\/agence-activite-regionale-est\/\" \/>\n<meta property=\"og:locale\" content=\"en_US\" \/>\n<meta property=\"og:type\" content=\"article\" \/>\n<meta property=\"og:title\" content=\"Agence Grand Est - ETF\" \/>\n<meta property=\"og:description\" content=\"Nous op\u00e9rons sur la r\u00e9gion Grand EST au d\u00e9part de nos sites de Metz et Strasbourg sur tous les types...\" \/>\n<meta property=\"og:url\" content=\"https:\/\/www.etf.fr\/agence\/agence-activite-regionale-est\/\" \/>\n<meta property=\"og:site_name\" content=\"ETF\" \/>\n<meta property=\"article:modified_time\" content=\"2026-02-18T15:13:24+00:00\" \/>\n<meta property=\"og:image\" content=\"https:\/\/www.etf.fr\/wp-content\/uploads\/2018\/09\/3.png\" \/>\n\t<meta property=\"og:image:width\" content=\"1280\" \/>\n\t<meta property=\"og:image:height\" content=\"720\" \/>\n\t<meta property=\"og:image:type\" content=\"image\/png\" \/>\n<meta name=\"twitter:card\" content=\"summary_large_image\" \/>\n<meta name=\"twitter:label1\" content=\"Est. reading time\" \/>\n\t<meta name=\"twitter:data1\" content=\"1 minute\" \/>\n<script type=\"application\/ld+json\" class=\"yoast-schema-graph\">{\"@context\":\"https:\\\/\\\/schema.org\",\"@graph\":[{\"@type\":\"WebPage\",\"@id\":\"https:\\\/\\\/www.etf.fr\\\/agence\\\/agence-activite-regionale-est\\\/\",\"url\":\"https:\\\/\\\/www.etf.fr\\\/agence\\\/agence-activite-regionale-est\\\/\",\"name\":\"Agence Grand Est - ETF\",\"isPartOf\":{\"@id\":\"https:\\\/\\\/www.etf.fr\\\/#website\"},\"primaryImageOfPage\":{\"@id\":\"https:\\\/\\\/www.etf.fr\\\/agence\\\/agence-activite-regionale-est\\\/#primaryimage\"},\"image\":{\"@id\":\"https:\\\/\\\/www.etf.fr\\\/agence\\\/agence-activite-regionale-est\\\/#primaryimage\"},\"thumbnailUrl\":\"https:\\\/\\\/www.etf.fr\\\/wp-content\\\/uploads\\\/2018\\\/09\\\/3-275x150.png\",\"datePublished\":\"2018-09-11T12:04:42+00:00\",\"dateModified\":\"2026-02-18T15:13:24+00:00\",\"breadcrumb\":{\"@id\":\"https:\\\/\\\/www.etf.fr\\\/agence\\\/agence-activite-regionale-est\\\/#breadcrumb\"},\"inLanguage\":\"en-US\",\"potentialAction\":[{\"@type\":\"ReadAction\",\"target\":[\"https:\\\/\\\/www.etf.fr\\\/agence\\\/agence-activite-regionale-est\\\/\"]}]},{\"@type\":\"ImageObject\",\"inLanguage\":\"en-US\",\"@id\":\"https:\\\/\\\/www.etf.fr\\\/agence\\\/agence-activite-regionale-est\\\/#primaryimage\",\"url\":\"https:\\\/\\\/www.etf.fr\\\/wp-content\\\/uploads\\\/2018\\\/09\\\/3-275x150.png\",\"contentUrl\":\"https:\\\/\\\/www.etf.fr\\\/wp-content\\\/uploads\\\/2018\\\/09\\\/3-275x150.png\"},{\"@type\":\"BreadcrumbList\",\"@id\":\"https:\\\/\\\/www.etf.fr\\\/agence\\\/agence-activite-regionale-est\\\/#breadcrumb\",\"itemListElement\":[{\"@type\":\"ListItem\",\"position\":1,\"name\":\"Accueil\",\"item\":\"https:\\\/\\\/www.etf.fr\\\/en\\\/\"},{\"@type\":\"ListItem\",\"position\":2,\"name\":\"Agences\",\"item\":\"https:\\\/\\\/www.etf.fr\\\/agence\\\/\"},{\"@type\":\"ListItem\",\"position\":3,\"name\":\"Agence Grand Est\"}]},{\"@type\":\"WebSite\",\"@id\":\"https:\\\/\\\/www.etf.fr\\\/#website\",\"url\":\"https:\\\/\\\/www.etf.fr\\\/\",\"name\":\"ETF\",\"description\":\"Your transport partner worldwide\",\"publisher\":{\"@id\":\"https:\\\/\\\/www.etf.fr\\\/#organization\"},\"potentialAction\":[{\"@type\":\"SearchAction\",\"target\":{\"@type\":\"EntryPoint\",\"urlTemplate\":\"https:\\\/\\\/www.etf.fr\\\/?s={search_term_string}\"},\"query-input\":{\"@type\":\"PropertyValueSpecification\",\"valueRequired\":true,\"valueName\":\"search_term_string\"}}],\"inLanguage\":\"en-US\"},{\"@type\":\"Organization\",\"@id\":\"https:\\\/\\\/www.etf.fr\\\/#organization\",\"name\":\"ETF\",\"url\":\"https:\\\/\\\/www.etf.fr\\\/\",\"logo\":{\"@type\":\"ImageObject\",\"inLanguage\":\"en-US\",\"@id\":\"https:\\\/\\\/www.etf.fr\\\/#\\\/schema\\\/logo\\\/image\\\/\",\"url\":\"https:\\\/\\\/www.etf.fr\\\/wp-content\\\/uploads\\\/2019\\\/03\\\/logo-ETF.png\",\"contentUrl\":\"https:\\\/\\\/www.etf.fr\\\/wp-content\\\/uploads\\\/2019\\\/03\\\/logo-ETF.png\",\"width\":272,\"height\":161,\"caption\":\"ETF\"},\"image\":{\"@id\":\"https:\\\/\\\/www.etf.fr\\\/#\\\/schema\\\/logo\\\/image\\\/\"}}]}<\/script>\n<!-- \/ Yoast SEO plugin. -->","yoast_head_json":{"title":"Agence Grand Est - ETF","robots":{"index":"index","follow":"follow","max-snippet":"max-snippet:-1","max-image-preview":"max-image-preview:large","max-video-preview":"max-video-preview:-1"},"canonical":"https:\/\/www.etf.fr\/agence\/agence-activite-regionale-est\/","og_locale":"en_US","og_type":"article","og_title":"Agence Grand Est - ETF","og_description":"Nous op\u00e9rons sur la r\u00e9gion Grand EST au d\u00e9part de nos sites de Metz et Strasbourg sur tous les types...","og_url":"https:\/\/www.etf.fr\/agence\/agence-activite-regionale-est\/","og_site_name":"ETF","article_modified_time":"2026-02-18T15:13:24+00:00","og_image":[{"width":1280,"height":720,"url":"https:\/\/www.etf.fr\/wp-content\/uploads\/2018\/09\/3.png","type":"image\/png"}],"twitter_card":"summary_large_image","twitter_misc":{"Est. reading time":"1 minute"},"schema":{"@context":"https:\/\/schema.org","@graph":[{"@type":"WebPage","@id":"https:\/\/www.etf.fr\/agence\/agence-activite-regionale-est\/","url":"https:\/\/www.etf.fr\/agence\/agence-activite-regionale-est\/","name":"Agence Grand Est - ETF","isPartOf":{"@id":"https:\/\/www.etf.fr\/#website"},"primaryImageOfPage":{"@id":"https:\/\/www.etf.fr\/agence\/agence-activite-regionale-est\/#primaryimage"},"image":{"@id":"https:\/\/www.etf.fr\/agence\/agence-activite-regionale-est\/#primaryimage"},"thumbnailUrl":"https:\/\/www.etf.fr\/wp-content\/uploads\/2018\/09\/3-275x150.png","datePublished":"2018-09-11T12:04:42+00:00","dateModified":"2026-02-18T15:13:24+00:00","breadcrumb":{"@id":"https:\/\/www.etf.fr\/agence\/agence-activite-regionale-est\/#breadcrumb"},"inLanguage":"en-US","potentialAction":[{"@type":"ReadAction","target":["https:\/\/www.etf.fr\/agence\/agence-activite-regionale-est\/"]}]},{"@type":"ImageObject","inLanguage":"en-US","@id":"https:\/\/www.etf.fr\/agence\/agence-activite-regionale-est\/#primaryimage","url":"https:\/\/www.etf.fr\/wp-content\/uploads\/2018\/09\/3-275x150.png","contentUrl":"https:\/\/www.etf.fr\/wp-content\/uploads\/2018\/09\/3-275x150.png"},{"@type":"BreadcrumbList","@id":"https:\/\/www.etf.fr\/agence\/agence-activite-regionale-est\/#breadcrumb","itemListElement":[{"@type":"ListItem","position":1,"name":"Accueil","item":"https:\/\/www.etf.fr\/en\/"},{"@type":"ListItem","position":2,"name":"Agences","item":"https:\/\/www.etf.fr\/agence\/"},{"@type":"ListItem","position":3,"name":"Agence Grand Est"}]},{"@type":"WebSite","@id":"https:\/\/www.etf.fr\/#website","url":"https:\/\/www.etf.fr\/","name":"ETF","description":"Your transport partner worldwide","publisher":{"@id":"https:\/\/www.etf.fr\/#organization"},"potentialAction":[{"@type":"SearchAction","target":{"@type":"EntryPoint","urlTemplate":"https:\/\/www.etf.fr\/?s={search_term_string}"},"query-input":{"@type":"PropertyValueSpecification","valueRequired":true,"valueName":"search_term_string"}}],"inLanguage":"en-US"},{"@type":"Organization","@id":"https:\/\/www.etf.fr\/#organization","name":"ETF","url":"https:\/\/www.etf.fr\/","logo":{"@type":"ImageObject","inLanguage":"en-US","@id":"https:\/\/www.etf.fr\/#\/schema\/logo\/image\/","url":"https:\/\/www.etf.fr\/wp-content\/uploads\/2019\/03\/logo-ETF.png","contentUrl":"https:\/\/www.etf.fr\/wp-content\/uploads\/2019\/03\/logo-ETF.png","width":272,"height":161,"caption":"ETF"},"image":{"@id":"https:\/\/www.etf.fr\/#\/schema\/logo\/image\/"}}]}},"_links":{"self":[{"href":"https:\/\/www.etf.fr\/en\/wp-json\/wp\/v2\/agence\/1071","targetHints":{"allow":["GET"]}}],"collection":[{"href":"https:\/\/www.etf.fr\/en\/wp-json\/wp\/v2\/agence"}],"about":[{"href":"https:\/\/www.etf.fr\/en\/wp-json\/wp\/v2\/types\/agence"}],"wp:attachment":[{"href":"https:\/\/www.etf.fr\/en\/wp-json\/wp\/v2\/media?parent=1071"}],"curies":[{"name":"wp","href":"https:\/\/api.w.org\/{rel}","templated":true}]}}

<p>Nous opérons sur la région Grand EST au départ de nos sites de Metz et Strasbourg sur tous les types de réseaux et d&#8217;infrastructures : Nationaux, urbains, industriels et portuaires.</p>



<p>Nos atouts : nos équipes, notre proximité, notre réactivité et notre agilité.</p>



<p>Jours et nuits, nous vous accompagnons pour optimiser le cycle de vie de vos infrastructures.</p>



<p>Nous innovons pour assurer la sécurité de nos collaborateurs tout en garantissant la continuité de service de vos activités.</p>



<p>Ensemble, contribuons au dynamisme économique et au développement du lien social dans notre région.</p>


<h3><strong>L&#8217;agence Est en vidéo :</strong></h3>
<p><strong></strong></p>
<p><strong><a href="https://www.youtube.com/watch?v=Ns1rVFgjvkQ" target="_blank" rel="noopener noreferrer"><img loading="lazy" decoding="async" src="https://www.etf.fr/wp-content/uploads/2018/09/3-275x150.png" alt="" width="275" height="150" class="wp-image-10260 size-thumbnail alignnone" />    </a><a href="https://www.youtube.com/watch?v=R2TEExTbH0Y&amp;t=8s" rel="noopener noreferrer" target="_blank"><img loading="lazy" decoding="async" src="https://www.etf.fr/wp-content/uploads/2018/09/1-Tramway-de-strasbourg-1-275x150.png" alt="" width="275" height="150" class="alignnone wp-image-6510524 size-thumbnail" /></a></strong></p>

<!-- This site is optimized with the Yoast SEO plugin v27.5 - https://yoast.com/product/yoast-seo-wordpress/ -->
<title>Agence Grand Est - ETF</title>
<meta name="robots" content="index, follow, max-snippet:-1, max-image-preview:large, max-video-preview:-1" />
<link rel="canonical" href="https://www.etf.fr/agence/agence-activite-regionale-est/" />
<meta property="og:locale" content="en_US" />
<meta property="og:type" content="article" />
<meta property="og:title" content="Agence Grand Est - ETF" />
<meta property="og:description" content="Nous opérons sur la région Grand EST au départ de nos sites de Metz et Strasbourg sur tous les types..." />
<meta property="og:url" content="https://www.etf.fr/agence/agence-activite-regionale-est/" />
<meta property="og:site_name" content="ETF" />
<meta property="article:modified_time" content="2026-02-18T15:13:24+00:00" />
<meta property="og:image" content="https://www.etf.fr/wp-content/uploads/2018/09/3.png" />
	<meta property="og:image:width" content="1280" />
	<meta property="og:image:height" content="720" />
	<meta property="og:image:type" content="image/png" />
<meta name="twitter:card" content="summary_large_image" />
<meta name="twitter:label1" content="Est. reading time" />
	<meta name="twitter:data1" content="1 minute" />
<script type="application/ld+json" class="yoast-schema-graph">{"@context":"https:\/\/schema.org","@graph":[{"@type":"WebPage","@id":"https:\/\/www.etf.fr\/agence\/agence-activite-regionale-est\/","url":"https:\/\/www.etf.fr\/agence\/agence-activite-regionale-est\/","name":"Agence Grand Est - ETF","isPartOf":{"@id":"https:\/\/www.etf.fr\/#website"},"primaryImageOfPage":{"@id":"https:\/\/www.etf.fr\/agence\/agence-activite-regionale-est\/#primaryimage"},"image":{"@id":"https:\/\/www.etf.fr\/agence\/agence-activite-regionale-est\/#primaryimage"},"thumbnailUrl":"https:\/\/www.etf.fr\/wp-content\/uploads\/2018\/09\/3-275x150.png","datePublished":"2018-09-11T12:04:42+00:00","dateModified":"2026-02-18T15:13:24+00:00","breadcrumb":{"@id":"https:\/\/www.etf.fr\/agence\/agence-activite-regionale-est\/#breadcrumb"},"inLanguage":"en-US","potentialAction":[{"@type":"ReadAction","target":["https:\/\/www.etf.fr\/agence\/agence-activite-regionale-est\/"]}]},{"@type":"ImageObject","inLanguage":"en-US","@id":"https:\/\/www.etf.fr\/agence\/agence-activite-regionale-est\/#primaryimage","url":"https:\/\/www.etf.fr\/wp-content\/uploads\/2018\/09\/3-275x150.png","contentUrl":"https:\/\/www.etf.fr\/wp-content\/uploads\/2018\/09\/3-275x150.png"},{"@type":"BreadcrumbList","@id":"https:\/\/www.etf.fr\/agence\/agence-activite-regionale-est\/#breadcrumb","itemListElement":[{"@type":"ListItem","position":1,"name":"Accueil","item":"https:\/\/www.etf.fr\/en\/"},{"@type":"ListItem","position":2,"name":"Agences","item":"https:\/\/www.etf.fr\/agence\/"},{"@type":"ListItem","position":3,"name":"Agence Grand Est"}]},{"@type":"WebSite","@id":"https:\/\/www.etf.fr\/#website","url":"https:\/\/www.etf.fr\/","name":"ETF","description":"Your transport partner worldwide","publisher":{"@id":"https:\/\/www.etf.fr\/#organization"},"potentialAction":[{"@type":"SearchAction","target":{"@type":"EntryPoint","urlTemplate":"https:\/\/www.etf.fr\/?s={search_term_string}"},"query-input":{"@type":"PropertyValueSpecification","valueRequired":true,"valueName":"search_term_string"}}],"inLanguage":"en-US"},{"@type":"Organization","@id":"https:\/\/www.etf.fr\/#organization","name":"ETF","url":"https:\/\/www.etf.fr\/","logo":{"@type":"ImageObject","inLanguage":"en-US","@id":"https:\/\/www.etf.fr\/#\/schema\/logo\/image\/","url":"https:\/\/www.etf.fr\/wp-content\/uploads\/2019\/03\/logo-ETF.png","contentUrl":"https:\/\/www.etf.fr\/wp-content\/uploads\/2019\/03\/logo-ETF.png","width":272,"height":161,"caption":"ETF"},"image":{"@id":"https:\/\/www.etf.fr\/#\/schema\/logo\/image\/"}}]}</script>
<!-- / Yoast SEO plugin. -->

Nous opérons sur la région Grand EST au départ de nos sites de Metz et Strasbourg sur tous les types...
