{"id":96318,"date":"2023-07-19T09:57:22","date_gmt":"2023-07-19T07:57:22","guid":{"rendered":"https:\/\/www.etf.fr\/?post_type=agence&#038;p=96318"},"modified":"2026-02-16T09:35:49","modified_gmt":"2026-02-16T08:35:49","slug":"centre","status":"publish","type":"agence","link":"https:\/\/www.etf.fr\/en\/agence\/centre\/","title":{"rendered":"Agence Centre"},"content":{"rendered":"\n<p>L\u2019Agence\u00a0Centre d\u2019ETF op\u00e8re sur\u00a0un\u00a0territoire \u00e9tendu dont les limites sont <strong>Paris au nord<\/strong>, <strong>Bourges au sud<\/strong>, <strong>Tours \u00e0 l\u2019ouest <\/strong>et <strong>Auxerre \u00e0 l\u2019est<\/strong>, p\u00e9rim\u00e8tre sur laquelle nous intervenons depuis l\u2019<strong>entit\u00e9 op\u00e9rationnelle d&#8217;Amilly<\/strong>.<\/p>\n\n\n\n<p>Nos activit\u00e9s sont \u00e9troitement li\u00e9es \u00e0 la vie et aux besoins de notre territoire.&nbsp;Nous proposons \u00e0 nos clients l\u2019ensemble du <strong>savoir-faire ETF&nbsp;en r\u00e9alisant des travaux de&nbsp;cr\u00e9ation, d\u2019installation, d\u2019entretien&nbsp;et de&nbsp;maintenance&nbsp;sur des&nbsp;r\u00e9seaux ferr\u00e9es nationaux, urbains, portuaires et industriels.<\/strong><\/p>\n\n\n\n<p><strong>Gr\u00e2ce \u00e0 notre large gamme de comp\u00e9tences nous nous adaptons \u00e0 la diversit\u00e9 de nos clients :<\/strong><\/p>\n\n\n\n<ul class=\"wp-block-list\">\n<li>SNCF R\u00e9seau&nbsp;: Chantiers d\u2019investissements pour le renouvellement des lignes existantes et Chantiers de maintenance<\/li>\n\n\n\n<li>SNCF Voyageur&nbsp;: Maintenance et\/ou cr\u00e9ation de technicentres pour l\u2019entretien des diff\u00e9rentes rames<\/li>\n\n\n\n<li>R\u00e9seau de Tramway d\u2019Orl\u00e9ans&nbsp;: Op\u00e9rations de maintenance ou de renouvellement<\/li>\n\n\n\n<li>R\u00e9seau des ports autonomes de Paris&nbsp;: Op\u00e9rations de maintenance ou de renouvellement<\/li>\n\n\n\n<li>Industries et clients priv\u00e9s&nbsp;: Op\u00e9rations de maintenance ou de renouvellement<\/li>\n<\/ul>\n\n\n\n<p><strong>La force de l\u2019organisation en Agence et du r\u00e9seau d\u2019ETF est cette pr\u00e9sence et force d\u2019intervention locale tout en b\u00e9n\u00e9ficiant des moyens d\u2019un groupe disponible \u00e0 l\u2019\u00e9chelle nationale permettant&nbsp;d\u2019intervenir tr\u00e8s rapidement et sur tous types de voies ferr\u00e9es.<\/strong><\/p>\n\n\n<h3><strong>L&#8217;agence Ce<\/strong><strong style=\"font-size: 1rem\"><\/strong><strong style=\"font-size: 1.375rem\">ntre\u00a0 en vid\u00e9o :<\/strong><\/h3>\n<h3><a href=\"https:\/\/www.youtube.com\/watch?v=nIjl60RLFOQ\" data-wp-editing=\"1\" target=\"_blank\" rel=\"noopener\"><img loading=\"lazy\" decoding=\"async\" src=\"https:\/\/www.etf.fr\/wp-content\/uploads\/2023\/07\/RAVI-Monts-275x150.png\" alt=\"\" width=\"275\" height=\"150\" class=\"alignleft wp-image-13869164 size-thumbnail\" \/><img loading=\"lazy\" decoding=\"async\" src=\"https:\/\/www.etf.fr\/wp-content\/uploads\/2023\/07\/interview-albert-275x150.png\" alt=\"\" width=\"275\" height=\"150\" class=\"alignleft wp-image-115672 size-thumbnail\" \/><img loading=\"lazy\" decoding=\"async\" src=\"https:\/\/www.etf.fr\/wp-content\/uploads\/2023\/07\/Miniatures-Youtube-Videos-Chantiers-3-275x150.png\" alt=\"\" width=\"275\" height=\"150\" class=\"wp-image-115678 size-thumbnail alignleft\" \/><img loading=\"lazy\" decoding=\"async\" src=\"https:\/\/www.etf.fr\/wp-content\/uploads\/2023\/07\/Miniatures-Youtube-Videos-Chantiers--275x150.png\" alt=\"\" width=\"275\" height=\"150\" class=\"wp-image-13869593 size-thumbnail alignleft\" \/><\/a><\/h3>","protected":false},"featured_media":0,"template":"","class_list":["post-96318","agence","type-agence","status-publish","hentry","metier-tag-voies-rfn-maintenance","metier-tag-reseaux-ferres-prives"],"acf":[],"yoast_head":"<!-- This site is optimized with the Yoast SEO plugin v27.5 - https:\/\/yoast.com\/product\/yoast-seo-wordpress\/ -->\n<title>Agence Centre - ETF<\/title>\n<meta name=\"robots\" content=\"index, follow, max-snippet:-1, max-image-preview:large, max-video-preview:-1\" \/>\n<link rel=\"canonical\" href=\"https:\/\/www.etf.fr\/agence\/centre\/\" \/>\n<meta property=\"og:locale\" content=\"en_US\" \/>\n<meta property=\"og:type\" content=\"article\" \/>\n<meta property=\"og:title\" content=\"Agence Centre - ETF\" \/>\n<meta property=\"og:description\" content=\"L\u2019Agence\u00a0Centre d\u2019ETF op\u00e8re sur\u00a0un\u00a0territoire \u00e9tendu dont les limites sont Paris au nord, Bourges au sud, Tours \u00e0 l\u2019ouest et Auxerre...\" \/>\n<meta property=\"og:url\" content=\"https:\/\/www.etf.fr\/agence\/centre\/\" \/>\n<meta property=\"og:site_name\" content=\"ETF\" \/>\n<meta property=\"article:modified_time\" content=\"2026-02-16T08:35:49+00:00\" \/>\n<meta property=\"og:image\" content=\"https:\/\/www.etf.fr\/wp-content\/uploads\/2023\/07\/RAVI-Monts.png\" \/>\n\t<meta property=\"og:image:width\" content=\"1280\" \/>\n\t<meta property=\"og:image:height\" content=\"720\" \/>\n\t<meta property=\"og:image:type\" content=\"image\/png\" \/>\n<meta name=\"twitter:card\" content=\"summary_large_image\" \/>\n<meta name=\"twitter:label1\" content=\"Est. reading time\" \/>\n\t<meta name=\"twitter:data1\" content=\"2 minutes\" \/>\n<script type=\"application\/ld+json\" class=\"yoast-schema-graph\">{\"@context\":\"https:\\\/\\\/schema.org\",\"@graph\":[{\"@type\":\"WebPage\",\"@id\":\"https:\\\/\\\/www.etf.fr\\\/agence\\\/centre\\\/\",\"url\":\"https:\\\/\\\/www.etf.fr\\\/agence\\\/centre\\\/\",\"name\":\"Agence Centre - ETF\",\"isPartOf\":{\"@id\":\"https:\\\/\\\/www.etf.fr\\\/#website\"},\"primaryImageOfPage\":{\"@id\":\"https:\\\/\\\/www.etf.fr\\\/agence\\\/centre\\\/#primaryimage\"},\"image\":{\"@id\":\"https:\\\/\\\/www.etf.fr\\\/agence\\\/centre\\\/#primaryimage\"},\"thumbnailUrl\":\"https:\\\/\\\/www.etf.fr\\\/wp-content\\\/uploads\\\/2023\\\/07\\\/RAVI-Monts-275x150.png\",\"datePublished\":\"2023-07-19T07:57:22+00:00\",\"dateModified\":\"2026-02-16T08:35:49+00:00\",\"breadcrumb\":{\"@id\":\"https:\\\/\\\/www.etf.fr\\\/agence\\\/centre\\\/#breadcrumb\"},\"inLanguage\":\"en-US\",\"potentialAction\":[{\"@type\":\"ReadAction\",\"target\":[\"https:\\\/\\\/www.etf.fr\\\/agence\\\/centre\\\/\"]}]},{\"@type\":\"ImageObject\",\"inLanguage\":\"en-US\",\"@id\":\"https:\\\/\\\/www.etf.fr\\\/agence\\\/centre\\\/#primaryimage\",\"url\":\"https:\\\/\\\/www.etf.fr\\\/wp-content\\\/uploads\\\/2023\\\/07\\\/RAVI-Monts-275x150.png\",\"contentUrl\":\"https:\\\/\\\/www.etf.fr\\\/wp-content\\\/uploads\\\/2023\\\/07\\\/RAVI-Monts-275x150.png\"},{\"@type\":\"BreadcrumbList\",\"@id\":\"https:\\\/\\\/www.etf.fr\\\/agence\\\/centre\\\/#breadcrumb\",\"itemListElement\":[{\"@type\":\"ListItem\",\"position\":1,\"name\":\"Accueil\",\"item\":\"https:\\\/\\\/www.etf.fr\\\/en\\\/\"},{\"@type\":\"ListItem\",\"position\":2,\"name\":\"Agences\",\"item\":\"https:\\\/\\\/www.etf.fr\\\/agence\\\/\"},{\"@type\":\"ListItem\",\"position\":3,\"name\":\"Agence Centre\"}]},{\"@type\":\"WebSite\",\"@id\":\"https:\\\/\\\/www.etf.fr\\\/#website\",\"url\":\"https:\\\/\\\/www.etf.fr\\\/\",\"name\":\"ETF\",\"description\":\"Your transport partner worldwide\",\"publisher\":{\"@id\":\"https:\\\/\\\/www.etf.fr\\\/#organization\"},\"potentialAction\":[{\"@type\":\"SearchAction\",\"target\":{\"@type\":\"EntryPoint\",\"urlTemplate\":\"https:\\\/\\\/www.etf.fr\\\/?s={search_term_string}\"},\"query-input\":{\"@type\":\"PropertyValueSpecification\",\"valueRequired\":true,\"valueName\":\"search_term_string\"}}],\"inLanguage\":\"en-US\"},{\"@type\":\"Organization\",\"@id\":\"https:\\\/\\\/www.etf.fr\\\/#organization\",\"name\":\"ETF\",\"url\":\"https:\\\/\\\/www.etf.fr\\\/\",\"logo\":{\"@type\":\"ImageObject\",\"inLanguage\":\"en-US\",\"@id\":\"https:\\\/\\\/www.etf.fr\\\/#\\\/schema\\\/logo\\\/image\\\/\",\"url\":\"https:\\\/\\\/www.etf.fr\\\/wp-content\\\/uploads\\\/2019\\\/03\\\/logo-ETF.png\",\"contentUrl\":\"https:\\\/\\\/www.etf.fr\\\/wp-content\\\/uploads\\\/2019\\\/03\\\/logo-ETF.png\",\"width\":272,\"height\":161,\"caption\":\"ETF\"},\"image\":{\"@id\":\"https:\\\/\\\/www.etf.fr\\\/#\\\/schema\\\/logo\\\/image\\\/\"}}]}<\/script>\n<!-- \/ Yoast SEO plugin. -->","yoast_head_json":{"title":"Agence Centre - ETF","robots":{"index":"index","follow":"follow","max-snippet":"max-snippet:-1","max-image-preview":"max-image-preview:large","max-video-preview":"max-video-preview:-1"},"canonical":"https:\/\/www.etf.fr\/agence\/centre\/","og_locale":"en_US","og_type":"article","og_title":"Agence Centre - ETF","og_description":"L\u2019Agence\u00a0Centre d\u2019ETF op\u00e8re sur\u00a0un\u00a0territoire \u00e9tendu dont les limites sont Paris au nord, Bourges au sud, Tours \u00e0 l\u2019ouest et Auxerre...","og_url":"https:\/\/www.etf.fr\/agence\/centre\/","og_site_name":"ETF","article_modified_time":"2026-02-16T08:35:49+00:00","og_image":[{"width":1280,"height":720,"url":"https:\/\/www.etf.fr\/wp-content\/uploads\/2023\/07\/RAVI-Monts.png","type":"image\/png"}],"twitter_card":"summary_large_image","twitter_misc":{"Est. reading time":"2 minutes"},"schema":{"@context":"https:\/\/schema.org","@graph":[{"@type":"WebPage","@id":"https:\/\/www.etf.fr\/agence\/centre\/","url":"https:\/\/www.etf.fr\/agence\/centre\/","name":"Agence Centre - ETF","isPartOf":{"@id":"https:\/\/www.etf.fr\/#website"},"primaryImageOfPage":{"@id":"https:\/\/www.etf.fr\/agence\/centre\/#primaryimage"},"image":{"@id":"https:\/\/www.etf.fr\/agence\/centre\/#primaryimage"},"thumbnailUrl":"https:\/\/www.etf.fr\/wp-content\/uploads\/2023\/07\/RAVI-Monts-275x150.png","datePublished":"2023-07-19T07:57:22+00:00","dateModified":"2026-02-16T08:35:49+00:00","breadcrumb":{"@id":"https:\/\/www.etf.fr\/agence\/centre\/#breadcrumb"},"inLanguage":"en-US","potentialAction":[{"@type":"ReadAction","target":["https:\/\/www.etf.fr\/agence\/centre\/"]}]},{"@type":"ImageObject","inLanguage":"en-US","@id":"https:\/\/www.etf.fr\/agence\/centre\/#primaryimage","url":"https:\/\/www.etf.fr\/wp-content\/uploads\/2023\/07\/RAVI-Monts-275x150.png","contentUrl":"https:\/\/www.etf.fr\/wp-content\/uploads\/2023\/07\/RAVI-Monts-275x150.png"},{"@type":"BreadcrumbList","@id":"https:\/\/www.etf.fr\/agence\/centre\/#breadcrumb","itemListElement":[{"@type":"ListItem","position":1,"name":"Accueil","item":"https:\/\/www.etf.fr\/en\/"},{"@type":"ListItem","position":2,"name":"Agences","item":"https:\/\/www.etf.fr\/agence\/"},{"@type":"ListItem","position":3,"name":"Agence Centre"}]},{"@type":"WebSite","@id":"https:\/\/www.etf.fr\/#website","url":"https:\/\/www.etf.fr\/","name":"ETF","description":"Your transport partner worldwide","publisher":{"@id":"https:\/\/www.etf.fr\/#organization"},"potentialAction":[{"@type":"SearchAction","target":{"@type":"EntryPoint","urlTemplate":"https:\/\/www.etf.fr\/?s={search_term_string}"},"query-input":{"@type":"PropertyValueSpecification","valueRequired":true,"valueName":"search_term_string"}}],"inLanguage":"en-US"},{"@type":"Organization","@id":"https:\/\/www.etf.fr\/#organization","name":"ETF","url":"https:\/\/www.etf.fr\/","logo":{"@type":"ImageObject","inLanguage":"en-US","@id":"https:\/\/www.etf.fr\/#\/schema\/logo\/image\/","url":"https:\/\/www.etf.fr\/wp-content\/uploads\/2019\/03\/logo-ETF.png","contentUrl":"https:\/\/www.etf.fr\/wp-content\/uploads\/2019\/03\/logo-ETF.png","width":272,"height":161,"caption":"ETF"},"image":{"@id":"https:\/\/www.etf.fr\/#\/schema\/logo\/image\/"}}]}},"_links":{"self":[{"href":"https:\/\/www.etf.fr\/en\/wp-json\/wp\/v2\/agence\/96318","targetHints":{"allow":["GET"]}}],"collection":[{"href":"https:\/\/www.etf.fr\/en\/wp-json\/wp\/v2\/agence"}],"about":[{"href":"https:\/\/www.etf.fr\/en\/wp-json\/wp\/v2\/types\/agence"}],"wp:attachment":[{"href":"https:\/\/www.etf.fr\/en\/wp-json\/wp\/v2\/media?parent=96318"}],"curies":[{"name":"wp","href":"https:\/\/api.w.org\/{rel}","templated":true}]}}

<p>L’Agence Centre d’ETF opère sur un territoire étendu dont les limites sont <strong>Paris au nord</strong>, <strong>Bourges au sud</strong>, <strong>Tours à l’ouest </strong>et <strong>Auxerre à l’est</strong>, périmètre sur laquelle nous intervenons depuis l’<strong>entité opérationnelle d&#8217;Amilly</strong>.</p>



<p>Nos activités sont étroitement liées à la vie et aux besoins de notre territoire.&nbsp;Nous proposons à nos clients l’ensemble du <strong>savoir-faire ETF&nbsp;en réalisant des travaux de&nbsp;création, d’installation, d’entretien&nbsp;et de&nbsp;maintenance&nbsp;sur des&nbsp;réseaux ferrées nationaux, urbains, portuaires et industriels.</strong></p>



<p><strong>Grâce à notre large gamme de compétences nous nous adaptons à la diversité de nos clients :</strong></p>



<ul class="wp-block-list">
<li>SNCF Réseau&nbsp;: Chantiers d’investissements pour le renouvellement des lignes existantes et Chantiers de maintenance</li>



<li>SNCF Voyageur&nbsp;: Maintenance et/ou création de technicentres pour l’entretien des différentes rames</li>



<li>Réseau de Tramway d’Orléans&nbsp;: Opérations de maintenance ou de renouvellement</li>



<li>Réseau des ports autonomes de Paris&nbsp;: Opérations de maintenance ou de renouvellement</li>



<li>Industries et clients privés&nbsp;: Opérations de maintenance ou de renouvellement</li>
</ul>



<p><strong>La force de l’organisation en Agence et du réseau d’ETF est cette présence et force d’intervention locale tout en bénéficiant des moyens d’un groupe disponible à l’échelle nationale permettant&nbsp;d’intervenir très rapidement et sur tous types de voies ferrées.</strong></p>


<h3><strong>L&#8217;agence Ce</strong><strong style="font-size: 1rem"></strong><strong style="font-size: 1.375rem">ntre  en vidéo :</strong></h3>
<h3><a href="https://www.youtube.com/watch?v=nIjl60RLFOQ" data-wp-editing="1" target="_blank" rel="noopener"><img loading="lazy" decoding="async" src="https://www.etf.fr/wp-content/uploads/2023/07/RAVI-Monts-275x150.png" alt="" width="275" height="150" class="alignleft wp-image-13869164 size-thumbnail" /><img loading="lazy" decoding="async" src="https://www.etf.fr/wp-content/uploads/2023/07/interview-albert-275x150.png" alt="" width="275" height="150" class="alignleft wp-image-115672 size-thumbnail" /><img loading="lazy" decoding="async" src="https://www.etf.fr/wp-content/uploads/2023/07/Miniatures-Youtube-Videos-Chantiers-3-275x150.png" alt="" width="275" height="150" class="wp-image-115678 size-thumbnail alignleft" /><img loading="lazy" decoding="async" src="https://www.etf.fr/wp-content/uploads/2023/07/Miniatures-Youtube-Videos-Chantiers--275x150.png" alt="" width="275" height="150" class="wp-image-13869593 size-thumbnail alignleft" /></a></h3>

<!-- This site is optimized with the Yoast SEO plugin v27.5 - https://yoast.com/product/yoast-seo-wordpress/ -->
<title>Agence Centre - ETF</title>
<meta name="robots" content="index, follow, max-snippet:-1, max-image-preview:large, max-video-preview:-1" />
<link rel="canonical" href="https://www.etf.fr/agence/centre/" />
<meta property="og:locale" content="en_US" />
<meta property="og:type" content="article" />
<meta property="og:title" content="Agence Centre - ETF" />
<meta property="og:description" content="L’Agence Centre d’ETF opère sur un territoire étendu dont les limites sont Paris au nord, Bourges au sud, Tours à l’ouest et Auxerre..." />
<meta property="og:url" content="https://www.etf.fr/agence/centre/" />
<meta property="og:site_name" content="ETF" />
<meta property="article:modified_time" content="2026-02-16T08:35:49+00:00" />
<meta property="og:image" content="https://www.etf.fr/wp-content/uploads/2023/07/RAVI-Monts.png" />
	<meta property="og:image:width" content="1280" />
	<meta property="og:image:height" content="720" />
	<meta property="og:image:type" content="image/png" />
<meta name="twitter:card" content="summary_large_image" />
<meta name="twitter:label1" content="Est. reading time" />
	<meta name="twitter:data1" content="2 minutes" />
<script type="application/ld+json" class="yoast-schema-graph">{"@context":"https:\/\/schema.org","@graph":[{"@type":"WebPage","@id":"https:\/\/www.etf.fr\/agence\/centre\/","url":"https:\/\/www.etf.fr\/agence\/centre\/","name":"Agence Centre - ETF","isPartOf":{"@id":"https:\/\/www.etf.fr\/#website"},"primaryImageOfPage":{"@id":"https:\/\/www.etf.fr\/agence\/centre\/#primaryimage"},"image":{"@id":"https:\/\/www.etf.fr\/agence\/centre\/#primaryimage"},"thumbnailUrl":"https:\/\/www.etf.fr\/wp-content\/uploads\/2023\/07\/RAVI-Monts-275x150.png","datePublished":"2023-07-19T07:57:22+00:00","dateModified":"2026-02-16T08:35:49+00:00","breadcrumb":{"@id":"https:\/\/www.etf.fr\/agence\/centre\/#breadcrumb"},"inLanguage":"en-US","potentialAction":[{"@type":"ReadAction","target":["https:\/\/www.etf.fr\/agence\/centre\/"]}]},{"@type":"ImageObject","inLanguage":"en-US","@id":"https:\/\/www.etf.fr\/agence\/centre\/#primaryimage","url":"https:\/\/www.etf.fr\/wp-content\/uploads\/2023\/07\/RAVI-Monts-275x150.png","contentUrl":"https:\/\/www.etf.fr\/wp-content\/uploads\/2023\/07\/RAVI-Monts-275x150.png"},{"@type":"BreadcrumbList","@id":"https:\/\/www.etf.fr\/agence\/centre\/#breadcrumb","itemListElement":[{"@type":"ListItem","position":1,"name":"Accueil","item":"https:\/\/www.etf.fr\/en\/"},{"@type":"ListItem","position":2,"name":"Agences","item":"https:\/\/www.etf.fr\/agence\/"},{"@type":"ListItem","position":3,"name":"Agence Centre"}]},{"@type":"WebSite","@id":"https:\/\/www.etf.fr\/#website","url":"https:\/\/www.etf.fr\/","name":"ETF","description":"Your transport partner worldwide","publisher":{"@id":"https:\/\/www.etf.fr\/#organization"},"potentialAction":[{"@type":"SearchAction","target":{"@type":"EntryPoint","urlTemplate":"https:\/\/www.etf.fr\/?s={search_term_string}"},"query-input":{"@type":"PropertyValueSpecification","valueRequired":true,"valueName":"search_term_string"}}],"inLanguage":"en-US"},{"@type":"Organization","@id":"https:\/\/www.etf.fr\/#organization","name":"ETF","url":"https:\/\/www.etf.fr\/","logo":{"@type":"ImageObject","inLanguage":"en-US","@id":"https:\/\/www.etf.fr\/#\/schema\/logo\/image\/","url":"https:\/\/www.etf.fr\/wp-content\/uploads\/2019\/03\/logo-ETF.png","contentUrl":"https:\/\/www.etf.fr\/wp-content\/uploads\/2019\/03\/logo-ETF.png","width":272,"height":161,"caption":"ETF"},"image":{"@id":"https:\/\/www.etf.fr\/#\/schema\/logo\/image\/"}}]}</script>
<!-- / Yoast SEO plugin. -->

L’Agence Centre d’ETF opère sur un territoire étendu dont les limites sont Paris au nord, Bourges au sud, Tours à l’ouest et Auxerre...
